{"id":1246,"date":"2013-03-22T14:28:18","date_gmt":"2013-03-22T14:28:18","guid":{"rendered":"http:\/\/rica.crea.gov.it\/documentazione\/?page_id=1246"},"modified":"2019-06-27T21:09:11","modified_gmt":"2019-06-27T21:09:11","slug":"c2g-allevamenti","status":"publish","type":"page","link":"https:\/\/rica.crea.gov.it\/APP\/documentazione\/?page_id=1246","title":{"rendered":"C2g. Allevamenti"},"content":{"rendered":"<div class=\"pf-content\"><h2 class=\"Titolo2\"><span style=\"font-size: 1.17em; color: #333333; line-height: 19px;\">Allevamenti<\/span><\/h2>\n<p>La rilevazione degli allevamenti \u00e8 stata impostata in base ai principi del bilancio civilistico, considerando il bestiame adulto, destinato alla riproduzione e\/o alla produzione, un\u2019immobilizzazione materiale ed in quanto tale da ammortizzare.<\/p>\n<p>Gli animali sono aggregati in due grandi gruppi: quelli giovani e da ingrasso e gli animali da vita, includendo in quest\u2019ultimo aggregato soltanto le categorie degli animali adulti, in quanto cespiti da ammortizzare, analizzate per gruppi omogenei definiti dall\u2019utente, considerando come fattori discriminanti minimi la specie, la categoria, l\u2019entrata in produzione (solo per gli animali provenienti dalla rimonta interna) e l\u2019et\u00e0. A seconda dei casi si potranno considerare altri fattori, quali la destinazione produttiva, la razza, ecc.<\/p>\n<p>Si segnala come la distinzione in categorie non sia stata prevista per tutte le specie, ma solo per quelle ritenute pi\u00f9 importanti dal punto di vista economico.<\/p>\n<p>L\u2019anagrafica degli allevamenti si articola su tre maschere:<\/p>\n<p style=\"padding-left: 30px;\">&gt;\u00a0\u00a0\u00a0\u00a0\u00a0 <a href=\"#davita\">Animali da vita<\/a>;<\/p>\n<p style=\"padding-left: 30px;\">&gt;\u00a0\u00a0\u00a0\u00a0\u00a0 <a href=\"#giovani\">Animali giovani e da ingrasso;<\/a><\/p>\n<p style=\"padding-left: 30px;\">&gt;\u00a0\u00a0\u00a0\u00a0\u00a0 <a href=\"#razze\">Razze prevalenti.<\/a><\/p>\n<p>La consistenza degli animali non in propriet\u00e0 (soccida o \u201ca fida\u201d) viene rilevata nell\u2019apposita maschera relativa alla gestione tecnica degli allevamenti. Pertanto, questi animali non devono essere rilevati nelle anagrafiche degli animali da vita o da ingrasso. Analogamente, la registrazione degli eventi della gestione tecnica (es. nascite) e contabile (es. vendita di singoli capi) riguarda soltanto gli animali in propriet\u00e0.<\/p>\n<p>&nbsp;<\/p>\n<h3 class=\"Titolo2\"><a name=\"davita\"><\/a>Animali da vita<\/h3>\n<p>Si considerano animali da vita le categorie di animali adulti, destinati alla produzione e\/o riproduzione, che concorrono per pi\u00f9 anni alla produzione di reddito e alla situazione patrimoniale dell\u2019azienda.<\/p>\n<figure id=\"attachment_154\" class=\"wp-caption thumbnail aligncenter\" style=\"width: 588px;\">\r\n\t\t\t\t<img loading=\"lazy\" decoding=\"async\" class=\" size-full wp-image-154 \" title=\"La maschera di anagrafica degli animali da vita\" src=\"http:\/\/rica.crea.gov.it\/documentazione\/wp-content\/uploads\/2012\/09\/C2u.png\" alt=\"\" width=\"588\" height=\"469\" srcset=\"https:\/\/rica.crea.gov.it\/APP\/documentazione\/wp-content\/uploads\/2012\/09\/C2u.png 588w, https:\/\/rica.crea.gov.it\/APP\/documentazione\/wp-content\/uploads\/2012\/09\/C2u-300x239.png 300w\" sizes=\"auto, (max-width: 588px) 100vw, 588px\" \/>\r\n\t\t\t\t<figcaption class=\"wp-caption-text\">La maschera di anagrafica degli animali da vita<\/figcaption>\r\n\t\t\t<\/figure>\n<p lang=\"it-IT\" align=\"JUSTIFY\"><span style=\"color: #000000;\"><span style=\"font-family: Tahoma, sans-serif;\"><span style=\"font-size: medium;\"><span style=\"color: #333333; font-family: Georgia, 'Times New Roman', 'Bitstream Charter', Times, serif; font-size: 13px;\">La maschera \u00e8 composta dai seguenti campi:<\/span><\/span><\/span><\/span><\/p>\n<p>&nbsp;<\/p>\n<p><span class=\"Maiuscoletto\"><b>Specie<\/b><\/span><\/p>\n<p>Da selezionare tra quelle proposte.<\/p>\n<p>&nbsp;<\/p>\n<p><b>Categoria<\/b><\/p>\n<p>Il programma propone automaticamente solo le categorie da vita della specie selezionata (nel caso dei bovini, ad es. le categorie da vita sono le vacche da latte, le vacche nutrici ed i tori).<\/p>\n<p>&nbsp;<\/p>\n<p><span class=\"Maiuscoletto\"><b>Anno Inizio carriera o anno di acquisto<\/b><\/span><\/p>\n<p>Indicare l\u2019anno di inizio, <strong>in azienda<\/strong>, della carriera produttiva del gruppo omogeneo individuato, inteso, per i capi femmina, come l\u2019anno in cui hanno partorito la prima volta e per i capi maschi quando inizia l\u2019attivit\u00e0 riproduttiva. Anno di inizio carriera in azienda.<\/p>\n<p>&nbsp;<\/p>\n<p><span class=\"Maiuscoletto\"><b>Nome Gruppo<\/b><\/span><\/p>\n<p>Identificativo del gruppo omogeneo, assegnato automaticamente dal programma, concatenando il nome della specie, della categoria e dell\u2019anno di inizio carriera. Pu\u00f2 essere liberamente modificato dall\u2019imprenditore e, per una facile identificazione, si consiglia l\u2019uso di nomi il pi\u00f9 possibile esplicativi. Ad esempio, nel caso di un\u2019azienda specializzata in allevamento bovino da latte, \u00e8 possibile che siano presenti vacche da latte di diversa et\u00e0. In tal caso pu\u00f2 essere utile inserire nel nome del gruppo l\u2019anno di inizio carriera produttiva, intendendo con tale termine l\u2019anno in cui la vacca stessa ha partorito per la prima volta.<\/p>\n<p>&nbsp;<\/p>\n<p><span class=\"Maiuscoletto\"><b>Numero capi<\/b><\/span><\/p>\n<p>Di propriet\u00e0 dell\u2019imprenditore alla data del 1\u00b0 Gennaio dell\u2019esercizio contabile considerato.<\/p>\n<p>&nbsp;<\/p>\n<p><span class=\"Maiuscoletto\"><b>Peso Unitario<\/b><\/span><\/p>\n<p>Indicare il peso medio unitario, espresso in relazione all\u2019unit\u00e0 di misura abbinata.<\/p>\n<p>&nbsp;<\/p>\n<p><span class=\"Maiuscoletto\"><b>Unit\u00e0 di misura<\/b><\/span><\/p>\n<p>Campo inserito in automatico dalla procedura, in funzione della specie considerata.<\/p>\n<p>&nbsp;<\/p>\n<p><span class=\"Maiuscoletto\"><b>Durata carriera (anni)<\/b><\/span><\/p>\n<p>Indicare il numero totale di anni di durata della carriera produttiva, relativa sempre al gruppo omogeneo di cui trattasi.<\/p>\n<p>&nbsp;<\/p>\n<p><span class=\"Maiuscoletto\"><b>V. U. inizio carriera<\/b><\/span><\/p>\n<p>Per gli animali provenienti dalla rimonta interna, assegnare il valore unitario dei capi all\u2019anno di inizio della carriera produttiva. Per gli animali acquistati tale valore corrisponde al costo di acquisto.<\/p>\n<p>&nbsp;<\/p>\n<p><b>V.U. fine carriera<\/b><\/p>\n<p>Stimare il valore unitario dei capi, all\u2019anno della fine della carriera produttiva. Le ultime tre informazioni, unitamente all\u2019anno di inizio carriera, consentono di calcolare la quota di ammortamento.<\/p>\n<p>Nella parte inferiore della maschera sono riassunte le informazioni relativa a tutti i gruppi omogenei presenti in azienda. Il tasto report consente la visualizzazione dei dati di tutte le categorie da vita della specie selezionata. Un altro prospetto, richiamabile dal men\u00f9 principale (stampa\/fascicolo aziendale\/allevamenti), riassume la situazione di stalla complessiva per specie, comprensiva sia delle categorie da vita che di quelle giovani e da ingrasso.<\/p>\n<p>&nbsp;<\/p>\n<p>I gruppi omogenei definiti in inventario iniziale, nel corso degli esercizi contabili, possono subire soltanto diminuzioni numeriche a seguito di eventi di gestione (vendite, morti, trasformazioni) registrati nella prima nota (movimenti contabili). L\u2019acquisto di nuovi capi da vita e\/o la rimonta interna e\/o l\u2019apporto dell\u2019imprenditore d\u00e0, infatti, origine sempre a nuovi gruppi omogenei, essendo diversi i parametri tecnici e soprattutto economici (valore storico) utili al calcolo delle quote di ammortamento.<\/p>\n<p>&nbsp;<\/p>\n<h3 class=\"Titolo2\"><a name=\"giovani\"><\/a>Animali giovani e da ingrasso<\/h3>\n<p>Questo aggregato include tutte le categorie di animali giovani e da ingrasso, destinate sia alla vendita che alla rimonta interna. Nel caso dei bovini, ad esempio, le categorie interessate sono sia i vitelli, di varie et\u00e0 e sesso, sia i bovini da 1 a 2 anni, che le giovenche, le vacche da riforma e le altre vacche.<\/p>\n<p>I campi presenti nella maschera sono i seguenti:<\/p>\n<p>&nbsp;<\/p>\n<p><span class=\"Maiuscoletto\"><b>Specie<\/b><\/span><\/p>\n<p>Da selezionare tra quelle proposte.<\/p>\n<p>&nbsp;<\/p>\n<p><span class=\"Maiuscoletto\"><b>Categoria<\/b><\/span><\/p>\n<p>Il programma propone automaticamente solo le categorie giovani e da ingrasso della specie selezionata.<\/p>\n<figure id=\"attachment_155\" class=\"wp-caption thumbnail aligncenter\" style=\"width: 590px;\">\r\n\t\t\t\t<img loading=\"lazy\" decoding=\"async\" class=\" size-full wp-image-155 \" title=\"La maschera di anagrafica degli animali giovani e da ingrasso\" src=\"http:\/\/rica.crea.gov.it\/documentazione\/wp-content\/uploads\/2012\/09\/C2v.png\" alt=\"\" width=\"590\" height=\"468\" srcset=\"https:\/\/rica.crea.gov.it\/APP\/documentazione\/wp-content\/uploads\/2012\/09\/C2v.png 590w, https:\/\/rica.crea.gov.it\/APP\/documentazione\/wp-content\/uploads\/2012\/09\/C2v-300x237.png 300w\" sizes=\"auto, (max-width: 590px) 100vw, 590px\" \/>\r\n\t\t\t\t<figcaption class=\"wp-caption-text\">La maschera di anagrafica degli animali giovani e da ingrasso<\/figcaption>\r\n\t\t\t<\/figure>\n<p><span class=\"Maiuscoletto\"><b>Numero capi<\/b><\/span><\/p>\n<p>Di propriet\u00e0 presenti in stalla alla data del 1\u00b0 Gennaio. La numerosit\u00e0 degli eventuali capi, ad esempio, presi a fida o allevati su contratto, nonch\u00e9 il periodo di durata del contratto, \u00e8 esplicitata nella relativa maschera di gestione \u201cAnimali a fida e a contratto\u201d. Normalmente l\u2019unit\u00e0 di misura \u00e8 il numero di capi, ma con alcune eccezioni quali ad esempio l\u2019allevamento di api, espresso in numero di arnie.<\/p>\n<p>&nbsp;<\/p>\n<p><span class=\"Maiuscoletto\"><b>Peso medio unitario<\/b><\/span><\/p>\n<p>Peso unitario dei capi espresso con riferimento all\u2019unit\u00e0 di misura. Quest\u2019ultima \u00e8 preimpostata in relazione alla specie oggetto di rilievo. Nel caso degli animali da cortile, ad esempio, \u00e8 espressa in chilogrammi.<\/p>\n<p>&nbsp;<\/p>\n<p><span class=\"Maiuscoletto\"><b>Valore unitario<\/b><\/span><\/p>\n<p>Registrare il valore unitario dei capi alla data dell\u2019inventario iniziale.<\/p>\n<p>&nbsp;<\/p>\n<p><span class=\"Maiuscoletto\"><b>Valore totale<\/b><\/span><\/p>\n<p>Calcolato automaticamente da Gaia, quale prodotto tra il valore unitario ed il numero di capi.<\/p>\n<p>&nbsp;<\/p>\n<p><span style=\"font-family: Tahoma, sans-serif;\"><strong>\u00a0<\/strong><\/span><\/p>\n<h3 class=\"Titolo2\"><a name=\"razze\"><\/a>Razze prevalenti<\/h3>\n<p>Questa maschera consente di raccogliere, per ciascuna specie presente in azienda, l\u2019informazione relativa alle razze prevalentemente allevate.<\/p>\n<p>I campi sono i seguenti:<\/p>\n<p><b>\u00a0<\/b><\/p>\n<p><span class=\"Maiuscoletto\"><b>Specie<\/b><\/span><\/p>\n<p>Il programma permette di selezionare la specie tra quelle gi\u00e0 inventariate mediante le due maschere precedenti.<\/p>\n<p>&nbsp;<\/p>\n<p><span class=\"Maiuscoletto\"><b>Razza<\/b><\/span><\/p>\n<p>Gaia propone l\u2019elenco delle razze per la specie considerata.<\/p>\n<p>&nbsp;<\/p>\n<p><span class=\"Maiuscoletto\"><b>Prevalenza utilizzata<\/b><\/span><\/p>\n<p>Informazione di sola visualizzazione che indica, per la specie selezionata, la % di prevalenza gi\u00e0 attribuita con il campo che segue.<\/p>\n<p>&nbsp;<\/p>\n<p><span class=\"Maiuscoletto\"><b>Prevalenza da assegnare<\/b><\/span><\/p>\n<p>Richiede l\u2019indicazione della % di prevalenza della razza precedentemente selezionata sul totale della specie. Per ciascuna specie, quindi, possono essere presenti pi\u00f9 razze in percentuali diverse.<\/p>\n<p>&nbsp;<\/p>\n<figure id=\"attachment_156\" class=\"wp-caption thumbnail alignnone\" style=\"width: 587px;\">\r\n\t\t\t\t<img loading=\"lazy\" decoding=\"async\" class=\" size-full wp-image-156 \" style=\"text-align: center;\" title=\"La maschera di anagrafica delle razze prevalenti\" src=\"http:\/\/rica.crea.gov.it\/documentazione\/wp-content\/uploads\/2012\/09\/C2z.png\" alt=\"\" width=\"587\" height=\"472\" srcset=\"https:\/\/rica.crea.gov.it\/APP\/documentazione\/wp-content\/uploads\/2012\/09\/C2z.png 587w, https:\/\/rica.crea.gov.it\/APP\/documentazione\/wp-content\/uploads\/2012\/09\/C2z-300x241.png 300w\" sizes=\"auto, (max-width: 587px) 100vw, 587px\" \/>\r\n\t\t\t\t<figcaption class=\"wp-caption-text\">La maschera di anagrafica delle razze prevalenti<\/figcaption>\r\n\t\t\t<\/figure>\n<p>&nbsp;<\/p>\n<p>&nbsp;<\/p>\n<\/div>","protected":false},"excerpt":{"rendered":"<p>Allevamenti La rilevazione degli allevamenti \u00e8 stata impostata in base ai principi del bilancio civilistico, considerando il bestiame adulto, destinato alla riproduzione e\/o alla produzione, un\u2019immobilizzazione materiale ed in quanto tale da ammortizzare. Gli animali sono aggregati in due grandi gruppi: quelli giovani e da ingrasso e gli animali da vita, includendo in quest\u2019ultimo aggregato&hellip; <a href=\"https:\/\/rica.crea.gov.it\/APP\/documentazione\/?page_id=1246\">Continue reading <span class=\"meta-nav\">&rarr;<\/span><\/a><\/p>\n","protected":false},"author":1,"featured_media":0,"parent":116,"menu_order":0,"comment_status":"closed","ping_status":"closed","template":"","meta":{"footnotes":""},"tags":[],"class_list":["post-1246","page","type-page","status-publish","hentry"],"_links":{"self":[{"href":"https:\/\/rica.crea.gov.it\/APP\/documentazione\/index.php?rest_route=\/wp\/v2\/pages\/1246","targetHints":{"allow":["GET"]}}],"collection":[{"href":"https:\/\/rica.crea.gov.it\/APP\/documentazione\/index.php?rest_route=\/wp\/v2\/pages"}],"about":[{"href":"https:\/\/rica.crea.gov.it\/APP\/documentazione\/index.php?rest_route=\/wp\/v2\/types\/page"}],"author":[{"embeddable":true,"href":"https:\/\/rica.crea.gov.it\/APP\/documentazione\/index.php?rest_route=\/wp\/v2\/users\/1"}],"replies":[{"embeddable":true,"href":"https:\/\/rica.crea.gov.it\/APP\/documentazione\/index.php?rest_route=%2Fwp%2Fv2%2Fcomments&post=1246"}],"version-history":[{"count":6,"href":"https:\/\/rica.crea.gov.it\/APP\/documentazione\/index.php?rest_route=\/wp\/v2\/pages\/1246\/revisions"}],"predecessor-version":[{"id":3601,"href":"https:\/\/rica.crea.gov.it\/APP\/documentazione\/index.php?rest_route=\/wp\/v2\/pages\/1246\/revisions\/3601"}],"up":[{"embeddable":true,"href":"https:\/\/rica.crea.gov.it\/APP\/documentazione\/index.php?rest_route=\/wp\/v2\/pages\/116"}],"wp:attachment":[{"href":"https:\/\/rica.crea.gov.it\/APP\/documentazione\/index.php?rest_route=%2Fwp%2Fv2%2Fmedia&parent=1246"}],"wp:term":[{"taxonomy":"post_tag","embeddable":true,"href":"https:\/\/rica.crea.gov.it\/APP\/documentazione\/index.php?rest_route=%2Fwp%2Fv2%2Ftags&post=1246"}],"curies":[{"name":"wp","href":"https:\/\/api.w.org\/{rel}","templated":true}]}}