{"id":1320,"date":"2013-03-25T12:08:00","date_gmt":"2013-03-25T12:08:00","guid":{"rendered":"http:\/\/rica.crea.gov.it\/documentazione\/?page_id=1320"},"modified":"2013-08-30T09:16:49","modified_gmt":"2013-08-30T09:16:49","slug":"c4c-autoconsumi-e-rimonta-interna","status":"publish","type":"page","link":"https:\/\/rica.crea.gov.it\/APP\/documentazione\/?page_id=1320","title":{"rendered":"C4c. Autoconsumi e rimonta interna"},"content":{"rendered":"<div class=\"pf-content\"><div>\n<h2 class=\"Titolo2 Sottolineato\">Autoconsumi e rimonta interna<\/h2>\n<\/div>\n<h3 class=\"Titolo2\">Autoconsumi e prelevamenti imprenditore<\/h3>\n<p>In questa parte del programma vengono inserite le registrazioni riguardanti gli autoconsumi ed i prelevamenti dell\u2019imprenditore.<\/p>\n<p>Con autoconsumi ci si riferisce alle utilizzazioni per uso proprio e della famiglia di prodotti aziendali normalmente destinati alla vendita.<\/p>\n<p>Con prelevamenti si fa riferimento alla liquidit\u00e0 aziendale (cassa, banca, ecc.) e pi\u00f9 raramente ai beni patrimoniali che vengono utilizzati per uso personale dell\u2019imprenditore o della sua famiglia, non aventi pi\u00f9 finalit\u00e0 aziendali.<\/p>\n<p>Per la registrazione dell\u2019autoconsumo le informazioni richieste e le modalit\u00e0 d\u2019inserimento delle stesse sono \u2013le stesse indicate per la vendita di prodotti e servizi sopra riportate.<\/p>\n<p>Per questa tipologia di registrazioni, i principali elementi informativi necessari alla compilazione della maschera sono:<\/p>\n<p align=\"left\"><span class=\"Maiuscoletto\">Tipo di bene prelevato<\/span><\/p>\n<p>Questa parte della maschera consente di scegliere la tipologia di bene prelevato. Nel caso di denaro si sceglier\u00e0 la voce cassa o conti correnti. Nel caso in cui, invece, si voglia distogliere dall\u2019uso aziendale un bene patrimoniale (fabbricato, terreno, ecc.) bisogna tenere ben presente che si sta operando una riduzione del patrimonio disponibile aziendale, e quindi un disinvestimento (evento da considerarsi raro, contrariamente al prelevamento di denaro, evenienza frequente soprattutto nelle piccole aziende familiari). La scelta del tipo di prelevamento comporta un diverso adattamento della maschera.<\/p>\n<p>Pi\u00f9 precisamente, nel caso di beni distolti dall\u2019attivit\u00e0 aziendale si dovr\u00e0 compilare una casella denominata con il bene patrimoniale scelto, che consentir\u00e0 l\u2019individuazione nell\u2019inventario del relativo bene. Il valore relativo del bene e, dunque, l\u2019importo del prelevamento, viene evidenziato in automatico al momento della scelta del bene stesso.<\/p>\n<p>&nbsp;<\/p>\n<p><span class=\"Maiuscoletto\">Oggetto del consumo<\/span><\/p>\n<p>E\u2019 il nome della lista di voci che appare in alternativa alla modalit\u00e0 di prelievo quando si \u00e8 scelto l\u2019autoconsumo come Operazione da rilevare. L\u2019elenco comprende i prodotti aziendali, gli allevamenti di capi giovani e da ingrasso e i mezzi tecnici extra-aziendali. Ad ogni voce il programma fa apparire successivamente un secondo elenco dal quale selezionare l\u2019oggetto specifico.<\/p>\n<p>&nbsp;<\/p>\n<h3 class=\"Titolo2\">Rimonta interna<\/h3>\n<p>Si tratta di un particolare fatto gestionale che normalmente non rientra nel campo di osservazione della contabilit\u00e0 generale in quanto si riferisce ad una variazione economica positiva che non deriva da uno scambio commerciale.<\/p>\n<p>Si \u00e8 ritenuto per\u00f2 utile introdurre questo evento nella Prima Nota piuttosto che in fase di inventario finale, come avviene nella contabilit\u00e0 tradizionale, per facilitare il compito dei rilevatori che possono in questo modo imputare direttamente le variazioni intrannuali della consistenza di bestiame che vanno poi automaticamente a confluire nella gestione tecnica. Per quanto riguarda le modalit\u00e0 con cui il programma classifica ed organizza il patrimonio zootecnico si vedano i relativi paragrafi dell\u2019inventario e della gestione tecnica.<\/p>\n<p>La rilevazione della Prima Nota consente di richiamare la maschera di inventario degli allevamenti e di valorizzare la variazione zootecnica associando un prezzo alla quantit\u00e0. Nella sezione Avere della maschera va indicata la specie di appartenenza dei capi, che quindi deve essere stata gi\u00e0 inventariata, mentre nella sezione Dare occorre definire il nuovo gruppo che confluir\u00e0 tra gli animali da vita e che sar\u00e0 visibile nella maschera della gestione tecnica alla riga Nuovo gruppo da rimonta interna.<\/p>\n<h3 class=\"Titolo2\"><strong>Dismissione animali da vita\u00a0<\/strong><\/h3>\n<p>In questa maschera vanno registrati i capi da vita dismessi, differenziati per specie e gruppo omogeneo. Il software evidenzia le informazioni gi\u00e0 registrate nella maschera di inventario degli animali da vita e l&#8217;operatore sceglie, tra quelli proposti, il gruppo omogeneo, o il nr. di capi all&#8217;interno del gruppo omogeneo, da dismettere. Il valore unitario riportato in automatico \u00e8 quello residuo calcolato ed \u00e8 modificabile dall&#8217;utente. Le informazioni qui registrate vengono riportate anche nella maschera di gestione degli animali da vita, che andr\u00e0 quindi rivisitata per garantire la quadratura dei capi.<\/p>\n<p>&nbsp;<\/p>\n<h3 class=\"Titolo2\">Apporti, donazioni e altre variazioni positive<\/h3>\n<p>Attivando questa voce dell\u2019albero si accede ad una vasta gamma di fatti gestionali che per\u00f2 sono poco frequenti o addirittura non si verificano nelle aziende agricole individuali.<\/p>\n<p>Questa categoria include, infatti, le registrazioni relative agli apporti in denaro o in natura (beni mobili o immobili) dell\u2019imprenditore o dei soci, le donazioni di beni immateriali ricevuti (ad esempio per successione) e le variazioni straordinarie positive.<\/p>\n<p>Gli apporti si suddividono in: conferimenti, versamenti e finanziamenti.<\/p>\n<p>I conferimenti sono i contributi dell\u2019imprenditore o dei soci alla formazione dei mezzi necessari per la costituzione e l\u2019aumento del capitale sociale.<\/p>\n<p>I versamenti sono apporti dell\u2019imprenditore o dei soci, ulteriori rispetto ai conferimenti iniziali, eseguiti allo scopo di dotare la societ\u00e0 di nuovi capitali di rischio, ma non riconducibili ad un aumento di capitale sociale. Poich\u00e9 si tratta di apporti, per la societ\u00e0 non vi \u00e8 alcun obbligo di restituzione n\u00e9 il socio pu\u00f2 vantare alcun diritto di rimborso.<\/p>\n<p>Al contrario, i finanziamenti sono apporti dei soci per i quali \u00e8 previsto un preciso obbligo di restituzione da parte della societ\u00e0. I finanziamenti possono essere originati da operazioni finanziarie e commerciali, quali ad esempio i crediti dei soci per somme erogate alla societ\u00e0 a titolo di mutuo e i crediti dei soci per corrispettivi di cessione dei beni alla societ\u00e0.<\/p>\n<p>I beni immateriali ricevuti dall\u2019imprenditore o dalla societ\u00e0 per donazione o successione possono essere costituiti da terreni agricoli o forestali, da piantagioni in produzione, da fabbricati e manufatti, macchine e attrezzi, impianti, mobili e altri beni, animali da vita, piantagioni in fase d\u2019impianto, beni in costruzione. I beni immateriali inseriti tramite questa maschera si canno ad aggiungere nell\u2019apposita maschera dell\u2019Inventario e Anagrafiche, concorrendo al patrimonio aziendale.<\/p>\n<p>Infine le variazioni straordinarie positive sono ricavi o altri proventi conseguiti a fronte di spese, perdite o oneri dedotti o di passivit\u00e0 iscritte in bilancio in precedenti esercizi (per esempio l\u2019incasso di una parte di credito gi\u00e0 considerato inesigibile) e i ricavi o altri proventi conseguiti per ammontare superiore a quello che ha concorso a formare il reddito in precedenti esercizi (per esempio le fatture emesse per importi superiori a quelli accertati in precedenti esercizi), nonch\u00e9 la sopravvenuta inesistenza di spese, perdite o oneri dedotti o di passivit\u00e0 iscritte in bilancio in precedenti esercizi (per esempio la cancellazione o la riduzione di debiti gi\u00e0 accertati per effetto di bonifici da creditori, rettifiche).<\/p>\n<p>&nbsp;<\/p>\n<p>Selezionando la voce \u201cApporti, donazioni e altre variazioni positive\u201d dell\u2019albero di navigazione, si apre la maschera d\u2019immissione dati e a seconda del tipo di operazione selezionata cambiano gli elementi informativi richiesti per la compilazione della stessa.<\/p>\n<p>Lo schema che segue riepiloga le scelte che l\u2019utente pu\u00f2 effettuare:<\/p>\n<ul>\n<li><b>Apporti dell\u2019imprenditore o soci<\/b>\n<ul>\n<li>Cassa<\/li>\n<li>Conti correnti<\/li>\n<li>Animali da vita<\/li>\n<li>Immobilizzazioni materiali\n<ul>\n<li>Terreni agricoli<\/li>\n<li>terreni forestali<\/li>\n<li>Piantagioni in produzione<\/li>\n<li>Fabbricati e manufatti<\/li>\n<li>Macchinari<\/li>\n<li>Attrezzature<\/li>\n<li>Automezzi<\/li>\n<li>Impianti<\/li>\n<li>Mobili e dotazioni d\u2019ufficio<\/li>\n<li>Altri beni<\/li>\n<li>Impianti di irrigazione<\/li>\n<\/ul>\n<\/li>\n<li>Piantagioni in fase d\u2019impianto\n<ul>\n<li>Piantagioni da frutto in fase d\u2019impianto<\/li>\n<li>Piantagioni da legno in fase d\u2019impianto<\/li>\n<\/ul>\n<\/li>\n<li>Beni in costruzione\n<ul>\n<li>Fabbricati e manufatti in costruzione<\/li>\n<li>Impianti in costruzione<\/li>\n<li>Attrezzature in costruzione<\/li>\n<li>Mobili e dotazioni d\u2019ufficio<\/li>\n<li>Altri beni in costruzione<\/li>\n<li>Impianti di irrigazione in costruzione<\/li>\n<\/ul>\n<\/li>\n<li>Quote e altri diritti immateriali\n<ul>\n<li>Diritti di produzione (quote)\n<ul>\n<li>Concessioni, licenze, marchi e diritti simili<\/li>\n<li>Altri diritti immateriali<\/li>\n<\/ul>\n<\/li>\n<\/ul>\n<\/li>\n<\/ul>\n<\/li>\n<li><b>Donazioni e successioni (beni immobili ricevuti)<\/b>\n<ul>\n<li>Terreni agricoli<\/li>\n<li>Terreni forestali<\/li>\n<li>Piantagioni in produzione<\/li>\n<li>Fabbricati e manufatti<\/li>\n<li>macchine e attrezzi\n<ul>\n<li>macchinari<\/li>\n<li>attrezzature<\/li>\n<li>automezzi<\/li>\n<\/ul>\n<\/li>\n<li>Impianti, mobili e altri beni\n<ul>\n<li>Impianti\n<ul>\n<li>Mobili e dotazioni d\u2019ufficio<\/li>\n<li>Altri beni<\/li>\n<li>Impianti di irrigazione<\/li>\n<li>Animali da vita<\/li>\n<\/ul>\n<\/li>\n<\/ul>\n<\/li>\n<li>Piantagioni in fase d\u2019impianto\n<ul>\n<li>Piantagioni da frutto in fase d\u2019impianto<\/li>\n<li>Piantagioni da legno in fase d\u2019impianto<\/li>\n<\/ul>\n<\/li>\n<li>Beni in costruzione\n<ul>\n<li>Fabbricati e manufatti in costruzioni<\/li>\n<li>Attrezzature in costruzione<\/li>\n<li>Impianti in costruzione<\/li>\n<li>Mobili e dotazioni d\u2019ufficio<\/li>\n<li>Altri beni in costruzione<\/li>\n<li>Impianti di irrigazione in costruzione<\/li>\n<\/ul>\n<\/li>\n<\/ul>\n<\/li>\n<li><b>Variazioni straordinarie positive<\/b>\n<ul>\n<li>Cassa<\/li>\n<li>Conti correnti<\/li>\n<li>Debiti\n<ul>\n<li>debiti verso fornitori<\/li>\n<li>debiti verso banche<\/li>\n<li>debiti verso altri finanziatori<\/li>\n<li>cambiali passive<\/li>\n<li>debiti verso altri<\/li>\n<li>debiti pac<\/li>\n<li>debiti v\/dipendenti<\/li>\n<\/ul>\n<\/li>\n<li>Quote e altri diritti immateriali\n<ul>\n<li>diritti di produzione (quote)\n<ul>\n<li>Concessioni, licenze, marchi e diritti simili<\/li>\n<li>Altri diritti immateriali<\/li>\n<\/ul>\n<\/li>\n<\/ul>\n<\/li>\n<\/ul>\n<\/li>\n<\/ul>\n<p>&nbsp;<\/p>\n<h3 class=\"Titolo2\">Donazioni e altre variazioni negative<\/h3>\n<p>Analogamente alla tipologia di registrazioni precedente, questa voce dell\u2019albero di navigazione consente di rilevare numerosi fatti gestionali riconducibili alla cessione volontaria o forzosa di beni aziendali e ad altre variazioni finanziarie negative.<\/p>\n<p>Tra questi fatti rientrano le donazioni, le cessazioni e gli espropri. I beni immateriali dismessi tramite questa maschera vengono registrati in stato Cessato nell\u2019apposita maschera dell\u2019Inventario e Anagrafiche, modificando di conseguenza il valore del patrimonio aziendale.<\/p>\n<p>Per quanto riguarda le variazioni straordinarie possono comprendere la rettifica in diminuzione di crediti ed altri diritti immateriali, nonch\u00e9 furti e smarrimenti di denaro.<\/p>\n<\/div>","protected":false},"excerpt":{"rendered":"<p>Autoconsumi e rimonta interna Autoconsumi e prelevamenti imprenditore In questa parte del programma vengono inserite le registrazioni riguardanti gli autoconsumi ed i prelevamenti dell\u2019imprenditore. Con autoconsumi ci si riferisce alle utilizzazioni per uso proprio e della famiglia di prodotti aziendali normalmente destinati alla vendita. Con prelevamenti si fa riferimento alla liquidit\u00e0 aziendale (cassa, banca, ecc.)&hellip; <a href=\"https:\/\/rica.crea.gov.it\/APP\/documentazione\/?page_id=1320\">Continue reading <span class=\"meta-nav\">&rarr;<\/span><\/a><\/p>\n","protected":false},"author":1,"featured_media":0,"parent":199,"menu_order":0,"comment_status":"closed","ping_status":"closed","template":"","meta":{"footnotes":""},"tags":[],"class_list":["post-1320","page","type-page","status-publish","hentry"],"_links":{"self":[{"href":"https:\/\/rica.crea.gov.it\/APP\/documentazione\/index.php?rest_route=\/wp\/v2\/pages\/1320","targetHints":{"allow":["GET"]}}],"collection":[{"href":"https:\/\/rica.crea.gov.it\/APP\/documentazione\/index.php?rest_route=\/wp\/v2\/pages"}],"about":[{"href":"https:\/\/rica.crea.gov.it\/APP\/documentazione\/index.php?rest_route=\/wp\/v2\/types\/page"}],"author":[{"embeddable":true,"href":"https:\/\/rica.crea.gov.it\/APP\/documentazione\/index.php?rest_route=\/wp\/v2\/users\/1"}],"replies":[{"embeddable":true,"href":"https:\/\/rica.crea.gov.it\/APP\/documentazione\/index.php?rest_route=%2Fwp%2Fv2%2Fcomments&post=1320"}],"version-history":[{"count":4,"href":"https:\/\/rica.crea.gov.it\/APP\/documentazione\/index.php?rest_route=\/wp\/v2\/pages\/1320\/revisions"}],"predecessor-version":[{"id":2039,"href":"https:\/\/rica.crea.gov.it\/APP\/documentazione\/index.php?rest_route=\/wp\/v2\/pages\/1320\/revisions\/2039"}],"up":[{"embeddable":true,"href":"https:\/\/rica.crea.gov.it\/APP\/documentazione\/index.php?rest_route=\/wp\/v2\/pages\/199"}],"wp:attachment":[{"href":"https:\/\/rica.crea.gov.it\/APP\/documentazione\/index.php?rest_route=%2Fwp%2Fv2%2Fmedia&parent=1320"}],"wp:term":[{"taxonomy":"post_tag","embeddable":true,"href":"https:\/\/rica.crea.gov.it\/APP\/documentazione\/index.php?rest_route=%2Fwp%2Fv2%2Ftags&post=1320"}],"curies":[{"name":"wp","href":"https:\/\/api.w.org\/{rel}","templated":true}]}}