{"id":2616,"date":"2014-04-09T10:49:09","date_gmt":"2014-04-09T10:49:09","guid":{"rendered":"http:\/\/rica.crea.gov.it\/documentazione\/?page_id=2616"},"modified":"2014-04-10T11:22:02","modified_gmt":"2014-04-10T11:22:02","slug":"fitofarmaci","status":"publish","type":"page","link":"https:\/\/rica.crea.gov.it\/APP\/documentazione\/?page_id=2616","title":{"rendered":"FITOFARMACI"},"content":{"rendered":"<div class=\"pf-content\"><p>Questa tabella contiene le informazioni sull\u2019impiego dei mezzi tecnici di difesa in azienda, aggregati per specie vegetale.<\/p>\n<table border=\"1\" cellspacing=\"2\" cellpadding=\"0\">\n<colgroup>\n<col width=\"200\" \/>\n<col width=\"77\" \/>\n<col width=\"38\" \/>\n<col width=\"444\" \/>\n<col width=\"289\" \/> <\/colgroup>\n<tbody>\n<tr>\n<td style=\"height: 50px; background-color: #9acd32;\" align=\"center\"><strong>Campo<\/strong><\/td>\n<td style=\"height: 50px; background-color: #9acd32;\" align=\"center\"><strong>Formato<\/strong><\/td>\n<td style=\"height: 50px; background-color: #9acd32;\" align=\"center\"><strong>U.M.<\/strong><\/td>\n<td style=\"height: 50px; background-color: #9acd32;\" align=\"center\"><strong>Descrizione<\/strong><\/td>\n<td style=\"height: 50px; background-color: #9acd32;\" align=\"center\"><strong>Note<\/strong><\/td>\n<\/tr>\n<tr>\n<td height=\"20\"><strong>Cod. Specie Vegetale<\/strong><\/td>\n<td>Testo<\/td>\n<td>&#8211;<\/td>\n<td>Codice\u00a0specie vegetale<\/td>\n<td><\/td>\n<\/tr>\n<tr>\n<td height=\"20\"><strong>Specie Vegetale<\/strong><\/td>\n<td>Testo<\/td>\n<td>&#8211;<\/td>\n<td>Descizione specie vegetale<\/td>\n<td><\/td>\n<\/tr>\n<tr>\n<td height=\"20\"><strong>Cod. Modalit\u00e0 di Coltivazione<\/strong><\/td>\n<td>Testo<\/td>\n<td>&#8211;<\/td>\n<td>Codice\u00a0modalit\u00e0 di coltivazione<\/td>\n<td><\/td>\n<\/tr>\n<tr>\n<td height=\"20\"><strong>Modalit\u00e0 Coltivazione<\/strong><\/td>\n<td>Testo<\/td>\n<td>&#8211;<\/td>\n<td>Descrizione modalit\u00e0 coltivazione<\/td>\n<td><\/td>\n<\/tr>\n<tr>\n<td height=\"20\"><strong>Cod. Prodotto Industriale<\/strong><\/td>\n<td>Testo<\/td>\n<td>&#8211;<\/td>\n<td>Codice\u00a0prodotto industriale<\/td>\n<td><\/td>\n<\/tr>\n<tr>\n<td height=\"20\"><strong>Produzione Industriale<\/strong><\/td>\n<td>Testo<\/td>\n<td>&#8211;<\/td>\n<td>Descrizione produzione industriale<\/td>\n<td><\/td>\n<\/tr>\n<tr>\n<td height=\"20\"><strong>Classe di Tossicit\u00e0<\/strong><\/td>\n<td>Testo<\/td>\n<td>&#8211;<\/td>\n<td>Classe di tossicit\u00e0 del prodotto (da 0 a 4)<\/td>\n<td><\/td>\n<\/tr>\n<tr>\n<td height=\"20\"><strong>Prezzo Unitario<\/strong><\/td>\n<td>Numerico<\/td>\n<td>\u20ac<\/td>\n<td>Prezzo unitario<\/td>\n<td><\/td>\n<\/tr>\n<tr>\n<td height=\"20\"><strong>Spesa Distribuita<\/strong><\/td>\n<td>Numerico<\/td>\n<td>\u20ac<\/td>\n<td>Valore del prodotto ripartito per specie vegetale<\/td>\n<td><\/td>\n<\/tr>\n<tr>\n<td height=\"20\"><strong>Quantit\u00e0 distribuita<\/strong><\/td>\n<td>Numerico<\/td>\n<td>&#8211;<\/td>\n<td>Quantit\u00e0 distribuita nel complesso<\/td>\n<td><\/td>\n<\/tr>\n<tr>\n<td height=\"20\"><strong>UM<\/strong><\/td>\n<td>NULL<\/td>\n<td>&#8211;<\/td>\n<td>Unit\u00e0 di Misura<\/td>\n<td><\/td>\n<\/tr>\n<tr>\n<td height=\"20\"><strong>SAU<\/strong><\/td>\n<td>Numerico<\/td>\n<td>HA<\/td>\n<td>Superficie della coltura<\/td>\n<td><\/td>\n<\/tr>\n<tr>\n<td height=\"20\"><strong>Quantit\u00e0 distribuita per Ha<\/strong><\/td>\n<td>Numerico<\/td>\n<td>&#8211;<\/td>\n<td>Quantit\u00e0 distribuita per Ha<\/td>\n<td><\/td>\n<\/tr>\n<tr>\n<td height=\"20\"><strong>Posizione<\/strong><\/td>\n<td>Testo<\/td>\n<td>&#8211;<\/td>\n<td>Tipologia di coltivazione (Realizzata, Piantagione<\/td>\n<td><\/td>\n<\/tr>\n<\/tbody>\n<\/table>\n<\/div>","protected":false},"excerpt":{"rendered":"<p>Questa tabella contiene le informazioni sull\u2019impiego dei mezzi tecnici di difesa in azienda, aggregati per specie vegetale. Campo Formato U.M. Descrizione Note Cod. Specie Vegetale Testo &#8211; Codice\u00a0specie vegetale Specie Vegetale Testo &#8211; Descizione specie vegetale Cod. Modalit\u00e0 di Coltivazione Testo &#8211; Codice\u00a0modalit\u00e0 di coltivazione Modalit\u00e0 Coltivazione Testo &#8211; Descrizione modalit\u00e0 coltivazione Cod. Prodotto Industriale&hellip; <a href=\"https:\/\/rica.crea.gov.it\/APP\/documentazione\/?page_id=2616\">Continue reading <span class=\"meta-nav\">&rarr;<\/span><\/a><\/p>\n","protected":false},"author":22,"featured_media":0,"parent":2378,"menu_order":15,"comment_status":"closed","ping_status":"closed","template":"","meta":{"footnotes":""},"tags":[],"class_list":["post-2616","page","type-page","status-publish","hentry"],"_links":{"self":[{"href":"https:\/\/rica.crea.gov.it\/APP\/documentazione\/index.php?rest_route=\/wp\/v2\/pages\/2616","targetHints":{"allow":["GET"]}}],"collection":[{"href":"https:\/\/rica.crea.gov.it\/APP\/documentazione\/index.php?rest_route=\/wp\/v2\/pages"}],"about":[{"href":"https:\/\/rica.crea.gov.it\/APP\/documentazione\/index.php?rest_route=\/wp\/v2\/types\/page"}],"author":[{"embeddable":true,"href":"https:\/\/rica.crea.gov.it\/APP\/documentazione\/index.php?rest_route=\/wp\/v2\/users\/22"}],"replies":[{"embeddable":true,"href":"https:\/\/rica.crea.gov.it\/APP\/documentazione\/index.php?rest_route=%2Fwp%2Fv2%2Fcomments&post=2616"}],"version-history":[{"count":3,"href":"https:\/\/rica.crea.gov.it\/APP\/documentazione\/index.php?rest_route=\/wp\/v2\/pages\/2616\/revisions"}],"predecessor-version":[{"id":2645,"href":"https:\/\/rica.crea.gov.it\/APP\/documentazione\/index.php?rest_route=\/wp\/v2\/pages\/2616\/revisions\/2645"}],"up":[{"embeddable":true,"href":"https:\/\/rica.crea.gov.it\/APP\/documentazione\/index.php?rest_route=\/wp\/v2\/pages\/2378"}],"wp:attachment":[{"href":"https:\/\/rica.crea.gov.it\/APP\/documentazione\/index.php?rest_route=%2Fwp%2Fv2%2Fmedia&parent=2616"}],"wp:term":[{"taxonomy":"post_tag","embeddable":true,"href":"https:\/\/rica.crea.gov.it\/APP\/documentazione\/index.php?rest_route=%2Fwp%2Fv2%2Ftags&post=2616"}],"curies":[{"name":"wp","href":"https:\/\/api.w.org\/{rel}","templated":true}]}}