{"id":3267,"date":"2016-10-23T20:39:20","date_gmt":"2016-10-23T20:39:20","guid":{"rendered":"http:\/\/rica.crea.gov.it\/documentazione\/?page_id=3267"},"modified":"2016-11-02T15:38:49","modified_gmt":"2016-11-02T15:38:49","slug":"8-flussi-finanziari","status":"publish","type":"page","link":"https:\/\/rica.crea.gov.it\/APP\/documentazione\/?page_id=3267","title":{"rendered":"8 &#8211; Flussi finanziari"},"content":{"rendered":"<div class=\"pf-content\"><p style=\"text-align: justify;\">A conclusione delle attivit\u00e0 di rilevazione <strong>gli Operatori economici incaricati<\/strong>\u00a0(liberi professionisti, collaboratori occasionali, oppure Enti)<strong> compilano le richieste di compenso<\/strong> (fatture o note di debito) per l\u2019attivit\u00e0 svolta, secondo le modalit\u00e0 indicate nei format dei contratti.<\/p>\n<p style=\"text-align: justify;\">Il referente regionale RICA trasmetter\u00e0 all&#8217;ufficio centrale RICA il <strong>nulla osta<\/strong> <strong>che asseveri la corretta esecuzione<\/strong> <strong>dei termini contrattuali<\/strong> nei termini previsti nel contratto\/convenzione ed una sintesi dell\u2019esito delle rilevazioni per singolo rilevatore e metodologia di rilevazione, definibile attraverso l\u2019applicazione <a href=\"http:\/\/rica.crea.gov.it\/rilevatori\" target=\"_blank\"><strong>Gestione\u00a0rilevatori<\/strong><\/a> (<em><strong>Report Erogazione<\/strong><\/em>).<\/p>\n<p style=\"text-align: justify;\">Il nulla osta che assevera la corretta esecuzione del servizio di rilevazione deve essere prodotto anche dagli uffici regionali RICA in cui la rilevazione dei dati \u00e8 affidata all&#8217;Amministrazione regionale\/provinciale.<\/p>\n<p style=\"text-align: justify;\">Le asseverazioni da parte del referente RICA regionale possono riguardare anche solo una parte dei soggetti rilevatori, in modo da non ritardare il pagamento dei compensi a favore dei rilevatori che consegnano prima.<\/p>\n<p style=\"text-align: justify;\">Il referente nazionale RICA, ricevuto il nulla osta del Referente regionale, trasmette il nulla osta ai servizi amministrativi \u00a0del CREA-PB; inoltre, aggiorna il quadro dei compensi richiesti da ciascun ufficio\u00a0regionale RICA, distinti per singolo progetto (RICA, REA, eventuale Progetto regionale).<\/p>\n<p style=\"text-align: justify;\">Il monitoraggio dei flussi finanziari cos\u00ec definito consente di evidenziare il verificarsi di eventuali ritardi nei pagamenti da parte degli uffici amministrativi del CREA-PB a favore dei soggetti rilevatori e di sollecitare\u00a0l\u2019amministrazione alla loro risoluzione.<\/p>\n<p style=\"text-align: justify;\">L\u2019ufficio centrale RICA comunica agli uffici regionali l\u2019avvenuto pagamento dei rilevatori mediante un riepilogo per progetto e anno di riferimento.<\/p>\n<p style=\"text-align: justify;\">Riguardo invece ai pagamenti a favore del CREA-PB, per rilevazioni dei campioni satellite, \u00e8 sempre il <u>referente regionale RICA, a conclusione delle attivit\u00e0 di rilevazione, a comunicare all\u2019Ufficio centrale RICA l\u2019importo da richiedere all&#8217;Amministrazione regionale<\/u>, sulla base dell\u2019esito delle rilevazioni.<\/p>\n<p style=\"text-align: justify;\">.<\/p>\n<table class=\" aligncenter\" style=\"border-color: #000000; background-color: #f3f5cb; width: 807px; height: 600px;\">\n<thead>\n<tr style=\"height: 48px; border-color: #020203;\">\n<th style=\"width: 140.4px; height: 48px; vertical-align: middle; text-align: center;\" scope=\"row\"><span style=\"color: #0000ff;\"><strong>Ruolo coinvolti<\/strong><\/span><\/th>\n<th style=\"width: 654px; height: 48px; vertical-align: middle; text-align: center;\" scope=\"col\"><span style=\"color: #0000ff;\"><strong>Attivit\u00e0<\/strong><\/span><\/th>\n<\/tr>\n<\/thead>\n<tbody>\n<tr style=\"height: 84px;\">\n<td style=\"width: 140.4px; height: 84px; vertical-align: middle;\"><strong>Operatori<br \/>\neconomici \/ Amministrazioni<\/strong><\/td>\n<td style=\"width: 654px; height: 84px; text-align: left; vertical-align: middle;\">\n<ul style=\"list-style-type: disc;\">\n<li class=\"Corpo\" style=\"text-align: justify;\">Gli Operatori economici a conclusione delle attivit\u00e0 assegnate inviano le richieste di compenso all&#8217;indirizzo di posta certificata (PEC) indicato nel schema di contratto.<\/li>\n<li class=\"Corpo\" style=\"text-align: justify;\">Le Amministrazioni a conclusioni delle attivit\u00e0 previste nella Convenzione inviano la richiesta di contributo al CREA-PB.<\/li>\n<\/ul>\n<\/td>\n<\/tr>\n<tr style=\"height: 24px;\">\n<td style=\"width: 140.4px; height: 24px; text-align: left; vertical-align: middle;\"><strong>Ufficio<br \/>\nregionale<br \/>\nRICA<\/strong><\/td>\n<td style=\"width: 654px; height: 24px; text-align: left; vertical-align: middle;\">\n<ul style=\"list-style-type: disc;\">\n<li style=\"text-align: justify;\">Invia all&#8217;Ufficio centrale RICA il nulla osta al pagamento (sia nel caso di Operatori economici sia di Convenzioni con Amministrazioni), anche relativamente ad una sola parte di soggetti rilevatori.<\/li>\n<li style=\"text-align: justify;\">Comunica all&#8217;Ufficio centrale RICA, nel caso di rilevazioni ai soli fini REA, l\u2019importo da richiedere all&#8217;ISTAT, sulla base dell\u2019esito delle rilevazioni.<\/li>\n<\/ul>\n<\/td>\n<\/tr>\n<tr style=\"height: 24px;\">\n<td style=\"width: 140.4px; height: 24px; text-align: left; vertical-align: middle;\"><strong>Ufficio<br \/>\ncentrale<br \/>\nRICA<\/strong><\/td>\n<td style=\"width: 654px; height: 24px; text-align: left; vertical-align: middle;\">\n<ul style=\"list-style-type: disc;\">\n<li style=\"text-align: justify;\">Riceve dai soggetti rilevatori copia delle richieste di pagamento, che trasmette ai servizi amministrativi del CREA solo dopo il ricevimento del nulla osta del referente RICA regionale.<\/li>\n<li>Aggiorna il quadro dei compensi e sollecita l\u2019amministrazione CREA-PB al pagamento dei compensi in caso di accentuato ritardo.<\/li>\n<li>Comunica agli uffici regionali l\u2019avvenuto pagamento dei rilevatori, per singolo progetto e per anno.<\/li>\n<li>In caso di rilevazioni REA o di campioni satellite richiede all\u2019ISTAT e all&#8217;Amministrazione regionale il compenso pattuito.<\/li>\n<\/ul>\n<\/td>\n<\/tr>\n<\/tbody>\n<\/table>\n<p style=\"text-align: justify;\">.<\/p>\n<p style=\"text-align: justify;\">\n<\/div>","protected":false},"excerpt":{"rendered":"<p>A conclusione delle attivit\u00e0 di rilevazione gli Operatori economici incaricati\u00a0(liberi professionisti, collaboratori occasionali, oppure Enti) compilano le richieste di compenso (fatture o note di debito) per l\u2019attivit\u00e0 svolta, secondo le modalit\u00e0 indicate nei format dei contratti. Il referente regionale RICA trasmetter\u00e0 all&#8217;ufficio centrale RICA il nulla osta che asseveri la corretta esecuzione dei termini contrattuali&hellip; <a href=\"https:\/\/rica.crea.gov.it\/APP\/documentazione\/?page_id=3267\">Continue reading <span class=\"meta-nav\">&rarr;<\/span><\/a><\/p>\n","protected":false},"author":5,"featured_media":0,"parent":3012,"menu_order":8,"comment_status":"closed","ping_status":"closed","template":"","meta":{"footnotes":""},"tags":[],"class_list":["post-3267","page","type-page","status-publish","hentry"],"_links":{"self":[{"href":"https:\/\/rica.crea.gov.it\/APP\/documentazione\/index.php?rest_route=\/wp\/v2\/pages\/3267","targetHints":{"allow":["GET"]}}],"collection":[{"href":"https:\/\/rica.crea.gov.it\/APP\/documentazione\/index.php?rest_route=\/wp\/v2\/pages"}],"about":[{"href":"https:\/\/rica.crea.gov.it\/APP\/documentazione\/index.php?rest_route=\/wp\/v2\/types\/page"}],"author":[{"embeddable":true,"href":"https:\/\/rica.crea.gov.it\/APP\/documentazione\/index.php?rest_route=\/wp\/v2\/users\/5"}],"replies":[{"embeddable":true,"href":"https:\/\/rica.crea.gov.it\/APP\/documentazione\/index.php?rest_route=%2Fwp%2Fv2%2Fcomments&post=3267"}],"version-history":[{"count":7,"href":"https:\/\/rica.crea.gov.it\/APP\/documentazione\/index.php?rest_route=\/wp\/v2\/pages\/3267\/revisions"}],"predecessor-version":[{"id":3347,"href":"https:\/\/rica.crea.gov.it\/APP\/documentazione\/index.php?rest_route=\/wp\/v2\/pages\/3267\/revisions\/3347"}],"up":[{"embeddable":true,"href":"https:\/\/rica.crea.gov.it\/APP\/documentazione\/index.php?rest_route=\/wp\/v2\/pages\/3012"}],"wp:attachment":[{"href":"https:\/\/rica.crea.gov.it\/APP\/documentazione\/index.php?rest_route=%2Fwp%2Fv2%2Fmedia&parent=3267"}],"wp:term":[{"taxonomy":"post_tag","embeddable":true,"href":"https:\/\/rica.crea.gov.it\/APP\/documentazione\/index.php?rest_route=%2Fwp%2Fv2%2Ftags&post=3267"}],"curies":[{"name":"wp","href":"https:\/\/api.w.org\/{rel}","templated":true}]}}