{"id":656,"date":"2012-12-07T10:11:07","date_gmt":"2012-12-07T10:11:07","guid":{"rendered":"http:\/\/rica.crea.gov.it\/documentazione\/?page_id=656"},"modified":"2013-10-03T08:33:42","modified_gmt":"2013-10-03T08:33:42","slug":"guida-a-class-ce","status":"publish","type":"page","link":"https:\/\/rica.crea.gov.it\/APP\/documentazione\/?page_id=656","title":{"rendered":"CLASS.CE &#8211; classificazione tipologica"},"content":{"rendered":"<div class=\"pf-content\"><h2 class=\"Titolo1 Corpo Titolo2\" style=\"text-align: center;\">Classificazione tipologica comunitaria delle aziende agricole<\/h2>\n<p style=\"text-align: center;\"><em>Note metodologiche e procedura di classificazione online<\/em><\/p>\n<p style=\"text-align: center;\"><img loading=\"lazy\" decoding=\"async\" class=\"thumbnail size-medium wp-image-2147 aligncenter\" alt=\"class ce cover\" src=\"http:\/\/rica.crea.gov.it\/documentazione\/wp-content\/uploads\/2012\/12\/xocer-218x300.jpg\" width=\"218\" height=\"300\" srcset=\"https:\/\/rica.crea.gov.it\/APP\/documentazione\/wp-content\/uploads\/2012\/12\/xocer-218x300.jpg 218w, https:\/\/rica.crea.gov.it\/APP\/documentazione\/wp-content\/uploads\/2012\/12\/xocer-746x1024.jpg 746w\" sizes=\"auto, (max-width: 218px) 100vw, 218px\" \/><\/p>\n<p>&nbsp;<\/p>\n<h3 class=\"Titolo2\"><strong><span class=\"Maiuscoletto\">Presentazione<\/span><\/strong><\/h3>\n<p class=\"Corpo\" style=\"text-align: justify;\">Questa guida \u00e8 di supporto all&#8217;uso della procedura Class.CE accessibile all&#8217;indirizzo internet <a title=\"ClassCE\" href=\"http:\/\/rica.crea.gov.it\/classce\" target=\"_blank\">rica.crea.gov.it\/classce<\/a>. L\u2019applicazione software \u00e8 stata predisposta dal Team di Sviluppo interno all\u2019INEA per l\u2019applicazione della metodologia di classificazione tipologica comunitaria delle aziende agricole della Unione Europea, come definita dal <a title=\"Reg CE 1242\" href=\"http:\/\/rica.crea.gov.it\/public\/download\/normativa\/Reg%20CE%201242_08.pdf\" target=\"_blank\">Regolamento CE n. 1242\/2008<\/a>.<\/p>\n<p class=\"Corpo\" style=\"text-align: justify;\">La prima versione \u00e8 stata redatta da Antonio Giampaolo, Alfonso Scardera, Mitia Mambella e rappresenta il principale riferimento a supporto di quanti utilizzano la procedura nell&#8217;ambito della rete contabile RICA, oppure al di fuori di essa. Alcune parti di questa guida sono state tratte dal manuale di CLASSCE del 2003. La copertina \u00e8 stata ideata e realizzata da Andrea Di Cesare. La revisione dei testi \u00e8 stata curata da Antonella Bodini e Cristina Pilan.<\/p>\n<p class=\"Corpo\" style=\"text-align: justify;\">L\u2019applicazione web Class.CE, ideata e progettata da Antonio Giampaolo e Alfonso Scardera ed implementata dal punto di vista informatico da Mitia Mambella, deriva da un adattamento dell\u2019analisi predisposta dal gruppo di lavoro INEA, coordinato da Giancarlo Peiretti e Cristina Pilan. I coefficienti delle attivit\u00e0 produttive utilizzati per la classificazione tipologica, ossia la serie delle Produzioni Standard regionali, sono stati calcolati da un gruppo di lavoro del Servizio 1 dell\u2019INEA coordinato da Franco Mari.<\/p>\n<p class=\"Corpo\" style=\"text-align: justify;\">La progettazione e lo sviluppo delle precedenti procedure informatiche di classificazione tipologica comunitaria predisposte dall\u2019INEA, utilizzate a partire dagli inizi degli anni novanta e fino all\u2019esercizio contabile 2009, si deve ai dipendenti e ai collaboratori della sede INEA di Torino (Carlo Masoero, Giancarlo Peiretti, Cristina Pilan, Giorgio Seroglia, Stefano Trione) che hanno predisposto la procedura CLASS-AZ inizialmente in ambiente DOS, integrandola in CONTINEA, e successivamente in ambiente Windows su piattaforma MS Access, rinominando la procedura dapprima in CLASS-CE e successivamente in CLASS-CEG.<\/p>\n<p class=\"Corpo\" style=\"text-align: justify;\">In questa guida oltre a spiegare il funzionamento e il corretto utilizzo della procedura Class.CE, nel primo capitolo vengono illustrati in modo schematico i contenuti metodologici del sistema di classificazione comunitario delle aziende agricole.<\/p>\n<p class=\"Corpo\" style=\"text-align: justify;\">Nel secondo capitolo vengono descritti in modo dettagliato i diversi moduli che compongono la procedura, come deve essere utilizzata in relazione sia alla tipologia di utenti sia in funzione delle esigenze conoscitive del singolo utente, sia interno che esterno alla rete RICA italiana.<\/p>\n<p class=\"Corpo\" style=\"text-align: justify;\">Nell&#8217;ultimo capitolo della guida viene mostrato il flusso dei dati nell&#8217;ambito dell\u2019indagine RICA-REA, dalla formazione del campione alla selezione delle unit\u00e0 di rilevazione, comune a tutti i modelli organizzativi regionali dell\u2019indagine contabile.<\/p>\n<h3 class=\"Corpo Titolo2\" style=\"text-align: justify;\"><strong><span class=\"Maiuscoletto\">Introduzione<\/span><\/strong><\/h3>\n<p style=\"text-align: justify;\">Con l\u2019emanazione del Regolamento CE n. 1242\/2008, che abroga la Decisione 85\/377 CEE, viene stabilita la \u00abtipologia comunitaria delle aziende agricole\u00bb (di seguito tipologia), con cui classificare in maniera uniforme le aziende della Comunit\u00e0, classificazione che viene utilizzata principalmente per la presentazione, per classe d&#8217;orientamento tecnico-economico e per classe di dimensione economica, dei dati rilevati nel quadro delle indagini comunitarie sulla struttura delle aziende agricole e della rete d&#8217;informazione contabile agricola della Comunit\u00e0.<\/p>\n<p style=\"text-align: justify;\">La tipologia si applica a decorrere dal 1\u00b0 gennaio 2010. Rispetto al passato essa \u00e8 fondata non solo sull&#8217;orientamento tecnico-economico e sulla dimensione economica delle aziende agricole, ma anche sulla rilevanza delle altre attivit\u00e0 lucrative direttamente collegate all&#8217;azienda. Inoltre, utilizza le <strong>Produzioni Standard \u2013 P.S.<\/strong> (<strong>Standard Output \u2013 S.O.<\/strong>) e non pi\u00f9 i Redditi Lordi Standard (<strong>RLS<\/strong>).<\/p>\n<p style=\"text-align: justify;\">Le serie degli Standard Output, distinte per circoscrizione (regione o province autonome), sono disponibili sul sito della RICA alla pagina web: <a href=\"http:\/\/rica.crea.gov.it\/public\/it\/rls_ps.php\">rica.crea.gov.it\/public\/it\/rls_ps.php<\/a>.<\/p>\n<p style=\"text-align: justify;\">Dalla sezione <em>Metodologia<\/em> del sito RICA (<a href=\"http:\/\/rica.crea.gov.it\/public\/it\/metodologia.php\">rica.crea.gov.it\/public\/it\/metodologia.php<\/a>) \u00e8 possibile consultare e stampare le classi di <strong>Dimensione Economica<\/strong> (pagina <em>Campo Osservazione) e<\/em> gli <strong>Ordinamenti Tecnico Economici<\/strong> (pagina <em>Disegno Campionario<\/em>) in cui si articola la nuova tipologia; nello stesso sito RICA sono consultabili<em> <\/em>i <strong>Piani di Selezione<\/strong>, distinti per esercizio contabile, in cui viene applicata la nuova tipologia per la conduzione dell\u2019indagine RICA (pagina <em>Piani selezione<\/em>), come pure sono disponibili altri dettagli sulla metodologia RICA-INEA.<\/p>\n<p style=\"text-align: justify;\">Alcune accenni sulla nuova metodologia di classificazione tipologica comunitaria sono disponibili nel volume dal titolo \u201c<strong><em>I Redditi Lordi Standard e gli Standard Output 2004 delle attivit\u00e0 produttive agricole italiane<\/em><\/strong>\u201d curato da F. Mari e R. Rossi, la cui versione elettronica \u00e8 scaricabile dalla sezione <em>Pubblicazioni<\/em> del sito internet della RICA.<\/p>\n<p style=\"text-align: justify;\">Nell&#8217;ambito della gestione operativa dell\u2019indagine <strong>RICA<\/strong> la classificazione delle aziende agricole \u00e8 il primo passo della rilevazione contabile. \u00c8 una fase importante per gli operatori RICA perch\u00e9 consente di <strong>definire la collocazione<\/strong> delle aziende all\u2019interno del <strong>campo di osservazione<\/strong> dell\u2019Indagine.<\/p>\n<p style=\"text-align: justify;\">La procedura Class.CE, dunque, ha come primo obiettivo quello di <strong>identificare dal punto di vista tipologico le unit\u00e0 da rilevare<\/strong>; un ulteriore obiettivo, anch\u2019esso strettamente connesso all\u2019esecuzione dell\u2019indagine RICA, \u00e8 poi rappresentato dalla possibilit\u00e0 offerta dalla procedura di <strong>monitorare<\/strong> <strong>le rilevazioni<\/strong> effettuate, a garanzia della completa copertura del disegno campionario teorico.<\/p>\n<p style=\"text-align: justify;\">Altre finalit\u00e0 sono collegate all\u2019attuazione di alcune Misure dei Programmi di Sviluppo Rurale (<strong>PSR<\/strong>), che richiedono la determinazione della tipologia comunitaria delle aziende agricole. Infatti sono molti i programmi che prevedono l\u2019adozione <strong>di una dimensione economica minima<\/strong> per accedere agli aiuti previsti per alcune misure dei PSR (Misura 112, 121, 123, 132, ecc.); in tale prospettiva, la procedura pu\u00f2 essere utilizzata anche nella fase preliminare di presentazione della domanda di aiuto.<\/p>\n<p style=\"text-align: justify;\">Le informazioni derivanti dalla classificazione tipologica delle aziende agricole sono diventate oramai <strong>obbligatorie ai fini del monitoraggio e della valutazione degli interventi pubblici<\/strong> diretti alle aziende agricole. Nel periodo di programmazione 2007-2013 dei PSR regionali, il sistema di classificazione tipologica delle aziende agricole \u00e8 stato adottato sia da AGEA sia da alcuni Organismi Pagatori regionali. In pratica, tutte le aziende che forniscono, direttamente o per il tramite dei CAA, i dati per la presentazione delle istanze di aiuto a valere sui PSR, vengono automaticamente classificate sulla base dei dati strutturali, ossia delle superfici coltivate e gli animali allevati in una determinata annata agraria o esercizio contabile.<\/p>\n<p style=\"text-align: justify;\">La metodologia di classificazione tipologica, e quindi Class.CE, pu\u00f2 essere utilizzata anche da soggetti diversi da quelli della rete RICA, dello sviluppo rurale regionale e nazionale. Infatti anche gli <strong>Enti territoriali<\/strong>, pubblici e privati, che devono definire con elementi oggettivi i potenziali beneficiari rispettivamente sia di aiuti pubblici che di <strong>servizi alle imprese agricole<\/strong>, possono avvalersi di questa procedura resa disponibile dall\u2019INEA in modo gratuito attraverso la rete internet.<\/p>\n<p style=\"text-align: justify;\">Class.CE potrebbe rilevarsi uno strumento particolarmente utile agli Enti di Ricerca, alle Universit\u00e0, alle Agenzie di Servizi di Sviluppo Agricolo, alle Societ\u00e0 di servizi di consulenza per l\u2019agricoltura, che intendono utilizzare il sistema di classificazione comunitario, al fine di <strong>confrontare i risultati delle proprie attivit\u00e0, indagini e studi sulle imprese agricole<\/strong>, con i risultati desumibili dalla RICA o dalle indagini strutturali condotte dall\u2019ISTAT.<\/p>\n<p style=\"text-align: justify;\">Gli utenti che possono utilizzare Class.CE sono quindi riconducibili a due categorie: la prima comprende gli utenti interni al sistema RICA; la seconda \u00e8 relativa agli utenti esterni allo stesso sistema.<\/p>\n<p style=\"text-align: justify;\"><strong>Utenti RICA<\/strong> \u2013 rappresentano i principali utilizzatori della procedura, a loro volta distinguibili in diversi profili in relazione al ruolo da questi assunto nella gestione operativa dell\u2019indagine RICA. L\u2019elenco delle tipologie di utenti RICA \u00e8 il seguente:<\/p>\n<ul>\n<li><em>coordinatore rete RICA nazionale (utente INEA sede nazionale);<strong><\/strong><\/em><\/li>\n<li><em>coordinatore rete RICA regionale (utente INEA sede regionale);<strong><\/strong><\/em><\/li>\n<li><em>coordinatore rete RICA a livello sub regionale (utente regionale non INEA);<\/em><\/li>\n<li><em>rilevatore \/ utente RICA<\/em><\/li>\n<\/ul>\n<div><\/div>\n<p><strong>Utenti non RICA<\/strong> &#8211; rappresentano gli utenti esterni alla rete di rilevazione e, a differenza degli utenti RICA, hanno lo stesso livello di accesso alla procedura:<\/p>\n<ul>\n<li><strong>\u00a0<\/strong>imprenditore agricolo<\/li>\n<li>libero professionista \/ operatore servizi consulenza;<\/li>\n<li>funzionario pubblico;<\/li>\n<li>enti agricoli regionali (OOPPAA, Associazioni);<\/li>\n<li>ricerca \/ formazione;<\/li>\n<li>studente;<\/li>\n<li>altri utenti.<\/li>\n<\/ul>\n<p>&nbsp;<\/p>\n<p class=\"Corpo\" style=\"text-align: justify;\">Le prime tre tipologie di utenti (elenco puntato), sono assegnate e gestite direttamente dall&#8217;amministratore del sistema. La procedura Class.CE si adatta, sia dal punto di vista strutturale (base dati e interfaccia utente) che funzionale (comandi e interazioni), ad ogni tipologia di utenti in relazione dei diversi servizi che pu\u00f2 fornire.<\/p>\n<\/div>","protected":false},"excerpt":{"rendered":"<p>Classificazione tipologica comunitaria delle aziende agricole Note metodologiche e procedura di classificazione online &nbsp; Presentazione Questa guida \u00e8 di supporto all&#8217;uso della procedura Class.CE accessibile all&#8217;indirizzo internet rica.crea.gov.it\/classce. L\u2019applicazione software \u00e8 stata predisposta dal Team di Sviluppo interno all\u2019INEA per l\u2019applicazione della metodologia di classificazione tipologica comunitaria delle aziende agricole della Unione Europea, come definita&hellip; <a href=\"https:\/\/rica.crea.gov.it\/APP\/documentazione\/?page_id=656\">Continue reading <span class=\"meta-nav\">&rarr;<\/span><\/a><\/p>\n","protected":false},"author":5,"featured_media":0,"parent":0,"menu_order":1,"comment_status":"closed","ping_status":"closed","template":"","meta":{"footnotes":""},"tags":[94,95,93,97,89,91,92,96,90],"class_list":["post-656","page","type-page","status-publish","hentry","tag-classce","tag-classificare","tag-classificazione","tag-ordinamento-tecnico","tag-ote","tag-ps","tag-so","tag-tipologia","tag-ude"],"_links":{"self":[{"href":"https:\/\/rica.crea.gov.it\/APP\/documentazione\/index.php?rest_route=\/wp\/v2\/pages\/656","targetHints":{"allow":["GET"]}}],"collection":[{"href":"https:\/\/rica.crea.gov.it\/APP\/documentazione\/index.php?rest_route=\/wp\/v2\/pages"}],"about":[{"href":"https:\/\/rica.crea.gov.it\/APP\/documentazione\/index.php?rest_route=\/wp\/v2\/types\/page"}],"author":[{"embeddable":true,"href":"https:\/\/rica.crea.gov.it\/APP\/documentazione\/index.php?rest_route=\/wp\/v2\/users\/5"}],"replies":[{"embeddable":true,"href":"https:\/\/rica.crea.gov.it\/APP\/documentazione\/index.php?rest_route=%2Fwp%2Fv2%2Fcomments&post=656"}],"version-history":[{"count":24,"href":"https:\/\/rica.crea.gov.it\/APP\/documentazione\/index.php?rest_route=\/wp\/v2\/pages\/656\/revisions"}],"predecessor-version":[{"id":2149,"href":"https:\/\/rica.crea.gov.it\/APP\/documentazione\/index.php?rest_route=\/wp\/v2\/pages\/656\/revisions\/2149"}],"wp:attachment":[{"href":"https:\/\/rica.crea.gov.it\/APP\/documentazione\/index.php?rest_route=%2Fwp%2Fv2%2Fmedia&parent=656"}],"wp:term":[{"taxonomy":"post_tag","embeddable":true,"href":"https:\/\/rica.crea.gov.it\/APP\/documentazione\/index.php?rest_route=%2Fwp%2Fv2%2Ftags&post=656"}],"curies":[{"name":"wp","href":"https:\/\/api.w.org\/{rel}","templated":true}]}}